n base 2, what is -1000001010110111110100 - -1001000?
-1000001010110110101100
In base 3, what is 11022 - -1120010221?
1120022020
In base 3, what is -101 + 1100012010112221?
1100012010112120
In base 14, what is -c95bd2 - -3?
-c95bcd
In base 15, what is -342a6c + -9?
-342a76
In base 12, what is 2b57 + -27ab?
368
In base 12, what is 3950 - 23a6?
1566
In base 9, what is -1547 + -5245?
-6803
In base 7, what is 2 - -34415162?
34415164
In base 13, what is -22888 + 0?
-22888
In base 5, what is 324303313 - 2?
324303311
In base 6, what is -530034 - -3525?
-522105
In base 2, what is -1000101110001011101000110 + 100?
-1000101110001011101000010
In base 13, what is 3 - -1bc0012?
1bc0015
In base 4, what is -32113013131 - -11?
-32113013120
In base 3, what is -10110111220 - -1020021?
-10102021122
In base 3, what is 11 - 1112022022000220?
-1112022022000202
In base 8, what is 3202 - 70676?
-65474
In base 7, what is -1 + -10023100?
-10023101
In base 16, what is 263 + be7?
e4a
In base 12, what is 4 + -464b73?
-464b6b
In base 5, what is 11002444144 + -324?
11002443320
In base 9, what is 6 + -635344?
-635337
In base 3, what is -1211020222000 - -10?
-1211020221220
In base 13, what is b92a10 + -2?
b92a0b
In base 5, what is 14 + -4034340010?
-4034334441
In base 14, what is 22717 + 6?
2271d
In base 15, what is -151c7 - -9e?
-15128
In base 10, what is -5 + -330320?
-330325
In base 16, what is 4453c91 + -3?
4453c8e
In base 15, what is 1 + -21dcb631?
-21dcb630
In base 16, what is -a19 - c0c?
-1625
In base 13, what is -a32195c9 + 1?
-a32195c8
In base 12, what is -4 - 302bab25?
-302bab29
In base 6, what is -1443413455 - -41?
-1443413414
In base 9, what is 0 - -4381248?
4381248
In base 13, what is 742b + -100?
732b
In base 16, what is 732bd3 - -5?
732bd8
In base 11, what is 8a + 194a8?
19587
In base 10, what is 1621761 + 33?
1621794
In base 5, what is -14144211242 + 10?
-14144211232
In base 8, what is -77 - -3001235?
3001136
In base 10, what is 52935 - 122?
52813
In base 12, what is -25 + 1542993?
154296a
In base 12, what is -1a - 16951b?
-169539
In base 9, what is 416 + -5535?
-5118
In base 14, what is -d41 - 726?
-1667
In base 2, what is -1 + 10001101101000110001?
10001101101000110000
In base 11, what is 12758 - -2?
1275a
In base 2, what is -1111000100011110111011000101 - -1?
-1111000100011110111011000100
In base 7, what is -11445 + 5504?
-2641
In base 16, what is -5ee0294 - -5?
-5ee028f
In base 10, what is -191040 - 102?
-191142
In base 9, what is -4045 - -23434?
18378
In base 10, what is 32241 + 130?
32371
In base 14, what is -64b8b65a + 5?
-64b8b655
In base 11, what is -772 + 2658?
1996
In base 9, what is 1017584057 - 3?
1017584054
In base 4, what is 2 - 202211030030?
-202211030022
In base 8, what is -152 - 211663?
-212035
In base 5, what is 412 - -21340?
22302
In base 5, what is 3211 - 1331222?
-1323011
In base 4, what is -3110 - 201331012?
-202000122
In base 10, what is -354 - 4209?
-4563
In base 11, what is 59 + a0331?
a038a
In base 8, what is 3100600556 + -1?
3100600555
In base 14, what is cb - -897c5?
898b2
In base 2, what is 1110010110110101 + -101010100010?
1101101100010011
In base 8, what is 42345540 - 215?
42345323
In base 10, what is 3501451 + 121?
3501572
In base 15, what is -4 - 14858c2?
-14858c6
In base 16, what is 0 - -b063a9d?
b063a9d
In base 2, what is -110011100000100 + 1111111011?
-110001100001001
In base 9, what is -17 + 28846522?
28846504
In base 6, what is 25 + 2000035?
2000104
In base 9, what is -1 - 71556134?
-71556135
In base 15, what is 40 + 96b59?
96b99
In base 6, what is -4452545135 - 0?
-4452545135
In base 2, what is -1000001 + -1000110010011110010?
-1000110010100110011
In base 12, what is 3 + 29b1b8?
29b1bb
In base 9, what is 130220753 + -4?
130220748
In base 10, what is 235197 - -466?
235663
In base 10, what is -5204385 - 6?
-5204391
In base 6, what is 1131055300 - -123?
1131055423
In base 2, what is 100100011011111101111 - -1010?
100100011011111111001
In base 6, what is 2003 - -100452?
102455
In base 7, what is -16603003 - -2?
-16603001
In base 6, what is 555042002 + -2?
555042000
In base 3, what is -10012112 + -2001111?
-12021000
In base 9, what is -7008476 + -60?
-7008546
In base 5, what is -240 - 3004023?
-3004313
In base 8, what is -31 - 4703413?
-4703444
In base 5, what is -4 + 232222224?
232222220
In base 10, what is 5 + -25633074?
-25633069
In base 3, what is 1 - 10000122011110012?
-10000122011110011
In base 2, what is -1000100010011001 + -111100101?
-1000101001111110
In base 2, what is 1000000110001100010100000000 + 11?
1000000110001100010100000011
In base 9, what is -250 + -3515161?
-3515421
In base 2, what is 10011000 + -11111011000001101?
-11111010101110101
In base 12, what is 2542b6 - 13?
2542a3
In base 12, what is 1123836 - -94?
112390a
In base 16, what is 4 - f8dce04?
-f8dce00
In base 16, what is 3dfacd - 4?
3dfac9
In base 3, what is 100201121200110220 - -2?
100201121200110222
In base 3, what is -1012121202 + -1010?
-1012122212
In base 4, what is 12 + 323300333?
323301011
In base 12, what is -25284 - -60?
-25224
In base 8, what is 14545205 + -117?
14545066
In base 2, what is 1001100101001001011 - 1100010100?
1001100011100110111
In base 14, what is 1170 + 55bac?
56d3c
In base 3, what is -1 - 210102000122101?
-210102000122102
In base 13, what is -c052 + 19a?
-bb85
In base 16, what is 98be3 + -106?
98add
In base 6, what is 333 + 15151534?
15152311
In base 7, what is -234344364 - -5?
-234344356
In base 6, what is -31 - -14314203?
14314132
In base 12, what is 46 - -24a077?
24a101
In base 11, what is 1 - 15757688?
-15757687
In base 6, what is -25243 - -153400?
124113
In base 9, what is 301 - -2303154?
2303455
In base 14, what is b - -2c4b9?
2c4c6
In base 13, what is -36585 - -43?
-36542
In base 13, what is 6743 - -20c?
6952
In base 13, what is -3 - 8406bb?
-8406c1
In base 7, what is -116 + -4521115?
-4521234
In base 3, what is -121200121 - 22212?
-122000110
In base 8, what is 11711 + -10562?
1127
In base 10, what is 3 - 1702341?
-1702338
In base 10, what is 33006 - -164?
33170
In base 15, what is -11c7a4e + 3?
-11c7a4b
In base 2, what is -101 - -1001111111101111101?
1001111111101111000
In base 10, what is 61770 - -1017?
62787
In base 10, what is -1383 + 26372?
24989
In base 2, what is 110101011010110010 - 1010101001?
110101010000001001
In base 6, what is -243001 - -35243?
-203314
In base 16, what is 1 + -82c1b9f?
-82c1b9e
In base 14, what is -13663 + 47?
-1361a
In base 12, what is 39 - -20a76?
20ab3
In base 4, what is -1102123121133 - -11?
-1102123121122
In base 11, what is -1119 - 129?
-1247
In base 13, what is -176 - 30062c?
-3007a5
In base 11, what is -a655442 - -5?
-a655438
In base 15, what is -723 - a28db?
-a310e
In base 13, what is 1ab4400 + 2?
1ab4402
In base 8, what is -53335 - -1603?
-51532
In base 5, what is 32 - -44210222?
44210304
In base 15, what is 4 + 340829?
34082d
In base 3, what is -20101122212 + 10220?
-20101111222
In base 3, what is -2200 + -202012220211?
-202020000111
In base 15, what is -13 + -815c87?
-815c9a
In base 11, what is 773 - -1a8155?
1a8918
In base 11, what is 1 - a999a7a?
-a999a79
In base 8, what is -2024 + 72405?
70361
In base 3, what is -201 - 2021202120111?
-2021202121012
In base 7, what is 1 - -323542626?
323542630
In base 5, what is -22041 + -1433?
-24024
In base 8, what is -6712675 - 1?
-6712676
In base 14, what is c88397 - -4?
c8839b
In base 15, what is 22 + -1ee796a?
-1ee7948
In base 12, what is -98 - -747b1?
74715
In base 15, what is -d71 - 1d5a?
-2bcb
In base 3, what is -11 + 111112020022202111?
111112020022202100
In base 7, what is 136112 - -44206?
213321
In base 4, what is 32133330 - 211330?
31322000
In base 15, what is 7da77b + 1a?
7da796
In base 15, what is -1b65a8 + b7?
-1b64e1
In base 3, what is 1212100 - -1201101001?
1210020101
In base 11, what is -872607 + -46?
-872652
In base 13, what is 23a30 + 977?
246a7
In base 4, what is -1103110 - 32120111?
-33223221
In base 4, what is -21230130131 - -11003?
-21230113122
In base 15, what is 42e - 5879?
-544a
In base 13, what is 3c + b06cb?
b073a
In base 4, what is 12331 + 31002?
103333
In base 16, what is -15ec67 - 4e?
-15ecb5
In base 15, what is -21c - 9c35?
-9e52
In base 9, what is 5 + 15856873?
15856878
In base 11, what is 11a + -91533